ts digit of m?
5
Let a(x) = x**3 + 3*x**2 - 2. Let d be a(-2). Suppose y - 149 = -2*l + 6*y, 109 = d*l + 3*y. What is the units digit of l?
2
Let s(j) = j**3 + 6*j**2 - 8*j - 4. Let r be s(-7). Suppose 3*d + 108 = 3*i, 3*i + r*d - 80 = -d. Suppose -11 = 3*n - i. What is the units digit of n?
7
Let y(b) = -18*b - 171. What is the hundreds digit of y(-37)?
4
Let w(d) = -79*d + 106. What is the hundreds digit of w(-4)?
4
Let w be (-2)/2 + 3*2. Suppose w*l - 121 = 89. What is the units digit of l?
2
Suppose 0 = -23*x + 29*x - 13542. What is the tens digit of x?
5
Suppose 0 = 3*h + 5*g - 120, h - 2*h + g + 32 = 0. Let b be ((-48)/5)/((-7)/h). Suppose z + z = -4*k + b, -4*z - 2*k + 120 = 0. What is the tens digit of z?
3
Let b = -39 - -64. Suppose 29*i - 952 = b*i. What is the tens digit of i?
3
What is the hundreds digit of ((-3)/6)/1*(-1 - 1125)?
5
Let x = 2649 - 1373. What is the hundreds digit of x?
2
Let a(t) = -t**3 + 5*t**2 - 5*t - 4. Let u be a(3). Let y = -28 - -25. What is the tens digit of 1 + ((-38)/u - y)?
4
Let i(j) = -50*j - 1. Suppose -5*n + 4*w = -118, -2*n - 16 = w - 71. Let p = n - 27. What is the units digit of i(p)?
9
Let m(z) = 4*z**2 - 15*z - 113. What is the tens digit of m(-11)?
3
Let g(l) = -13*l - 43. Let x(b) = -b**3 + 11*b**2 - 21*b + 10. Let c be x(9). What is the tens digit of g(c)?
7
What is the tens digit of 2585 + 0 - 9/(-3)?
8
Let t = 907 - 467. What is the units digit of t?
0
Suppose 32*h - 95862 = 6*h. What is the tens digit of h?
8
What is the units digit of -2*(3 + -3 + -1)?
2
What is the tens digit of (-54)/36*(-1672)/6?
1
Suppose -2*g - 5*u + 4 - 13 = 0, -3 = -5*g - 4*u. What is the tens digit of (95 - g)/((-4)/(-2))?
4
Let p = 116 - 68. Suppose -p*c + 280 = -43*c. What is the units digit of c?
6
Let r(g) = -95*g**2 - g + 1. Let t(o) = 190*o**2 + 2*o - 2. Let l(f) = -5*r(f) - 2*t(f). What is the tens digit of l(1)?
9
Let t = 296 - 135. What is the tens digit of t?
6
What is the tens digit of 34*(2/6)/(16/672)?
7
Let t be 94 + -3 - (1 + 2). Let u be 72/45*5/2. Suppose -t = -4*d - u*m, -m = 5*d + m - 122. What is the units digit of d?
6
Let v(h) = h. Let q(d) = -d**2 - 9*d - 12. Suppose 2*p - 7*p = 5*y + 20, -3*p = 5*y + 16. Let u(w) = p*v(w) - q(w). What is the units digit of u(-8)?
0
Let x = 31 - 13. What is the tens digit of (-4)/18 - (2 + (-1606)/x)?
8
Let u be 10/2 + 0/6. Suppose 5*k + 8 = -2*z + 112, -5*z = u*k - 110. Let p = k + 41. What is the units digit of p?
1
Let z be (0 - 14)*(-57)/6. Suppose -79*k = -78*k - z. What is the tens digit of k?
3
Let m = 0 + 18. Let x = m + -15. Suppose 0 = x*t - 4*r - 154, t - 88 = -t - r. What is the tens digit of t?
4
Let c(a) = a - 3. Let n be c(1). Let t(b) = -3 - 3*b**2 + 4*b**2 + 0*b**2. What is the units digit of t(n)?
1
Let z(t) = 340*t**2 + 36*t + 102. What is the tens digit of z(-3)?
5
Let k = -26 - -40. Let i = k + -16. Let v(o) = 6*o**2 - 4. What is the units digit of v(i)?
0
Let x = 403 - 208. What is the hundreds digit of x?
1
Let m = -50 + 64. What is the tens digit of -5*133/m*16/(-10)?
7
Suppose 3*u - 1374 = -5*f - u, 842 = 3*f - 2*u. Suppose -2*n = 3*m - f, 7*n - 2*m = 4*n + 417. What is the hundreds digit of n?
1
Suppose h + 60 = -56. Let v = h + 178. What is the units digit of v?
2
Let x(b) = 51*b - 2. Let s(y) = y**2 + 4*y + 1. Let z be s(-4). Let r be x(z). Suppose -q + r = 2*q + 4*o, -2*q = o - 31. What is the tens digit of q?
1
Let u(a) = 8*a + 19. Let c = 57 + -47. What is the units digit of u(c)?
9
Let o = -115 - -48. Let w = 27 - 67. Let n = w - o. What is the units digit of n?
7
Suppose 2*s = 10 - 6. Let j be -2 - ((-2)/2 - -5). Let o = s - j. What is the units digit of o?
8
Let r be ((-9)/(-5) + -1)/((-7)/(-70)). Suppose r*z - 435 = -123. What is the units digit of z?
9
Suppose 2*u - v + 4325 = 6*u, 3*v - 3 = 0. What is the tens digit of u?
8
Let r be -1*77 - (-2)/1. Let a = r - -195. What is the tens digit of a?
2
Let m(i) = 89*i - 291. What is the tens digit of m(23)?
5
Suppose -33*r + 42619 + 23645 = 0. What is the tens digit of r?
0
Suppose 24*z + 12 = 27*z. Suppose w + 204 = z*w. What is the units digit of w?
8
Let b(p) = -2*p**2 + 2*p - 24. Let h be b(-5). What is the units digit of (3*1 - h/(-14))*-73?
9
Let q(s) = 10*s - 5*s + 9*s - 2*s - 7. What is the units digit of q(11)?
5
Let a be (-128)/(-2) - (1 - 1). Suppose 19 = -3*z + a. Suppose -23 = -4*q + 3*d, 0*d = 5*q - d - z. What is the units digit of q?
2
Let b = 68 - 36. Suppose -4*d + 176 + b = 0. What is the tens digit of d?
5
Let t be 452 + 9/30*2*5. Let z = t - 206. What is the tens digit of z?
4
Let s(w) be the first derivative of w**4/4 + 4*w**3/3 - 5*w**2/2 - 2*w - 9. What is the units digit of s(-4)?
8
Let w(t) = -3*t + 26. Let p be w(8). Let m = -114 - -164. Suppose 2*g = p*r - 0*g - m, -5 = -g. What is the units digit of r?
0
Let j(h) = 2*h + 38. Let i = 32 + -41. What is the units digit of j(i)?
0
Suppose k = -t - 0*k, 3*k = -4*t. Suppose 3*b - 12 = t, 4*o - b - 167 = 65. What is the units digit of o?
9
What is the tens digit of (-4 - -1807)/(3/1) + 3?
0
Let t = -12 - -17. Let d(n) = t - n + 0*n + 0*n + 4. What is the tens digit of d(-5)?
1
Let u(l) = l**2 + 5*l - 9. Let f(z) = 4*z + 1. Let h be f(-2). Let j be u(h). Let o = 37 - j. What is the tens digit of o?
3
Let o(q) = 3 - 2 + 0 + 0. Let a(n) = 5*n - 4. Let v(y) = a(y) + 6*o(y). What is the tens digit of v(4)?
2
Suppose -5*d = y - 1784, 2*d + y - 713 = -0*y. What is the hundreds digit of d?
3
Suppose -15*l = 7*l - 22462. What is the thousands digit of l?
1
Suppose -k + 2 + 2 = 3*c, 2*c = -5*k - 6. What is the units digit of 6 - ((-18)/27)/(c/3)?
7
Let t(a) = 48*a + 18. Suppose -3*y + 1 = -11. What is the hundreds digit of t(y)?
2
Suppose 36*s - 32454 - 17190 = 0. What is the thousands digit of s?
1
Let s be 0*(4 - (-14)/(-4)). Let h(r) = -r**2 + 15. What is the tens digit of h(s)?
1
Let a = 1963 - 476. What is the tens digit of a?
8
Let n be (0/(3 - 5))/(-1). Suppose 4*j + 5*w - 22 = n, 4*j + 1 - 3 = 5*w. Suppose 3*b - j*t = 75, b - 65 = -b + 5*t. What is the tens digit of b?
2
What is the hundreds digit of 346 + 3/(-24) + 34/16?
3
Suppose -5*r + 4620 = 9*r. What is the tens digit of r?
3
Let z(d) be the first derivative of d**2/2 + 3*d + 1. Let h be z(5). Suppose -4*v - h = -5*v. What is the units digit of v?
8
What is the units digit of 2*(-4)/24 + 6124/12?
0
What is the hundreds digit of (-65)/2*64/(-10)?
2
Let q = 142 - -90. Suppose -3*s = -7*s + q. What is the units digit of s?
8
Suppose 0 = 289*o - 294*o - 1240. Let g = -18 - o. What is the units digit of g?
0
Let c(x) = -381*x - 1. Let p be c(-1). Suppose 4*t - p = -0*t. Suppose -4*o - 4*m = -0*m - 140, -t = -3*o + 2*m. What is the units digit of o?
3
Let z = -1 - -6. Suppose 0 = 4*b - 5*b + z*o + 31, o - 1 = -b. Let m(l) = l**2 - 4*l - 9. What is the units digit of m(b)?
3
Let a(w) = -8*w - 3 - 9 - 2. Let f be a(-6). Suppose 2*p + 5*x = f + 29, -2*x - 9 = -p. What is the tens digit of p?
1
Let j = -34 + 34. Suppose a - 37 + 16 = j. What is the tens digit of a?
2
Suppose 0 = -5*o + s + 12, 2*o + 4*s + 5 - 1 = 0. Suppose o*d - 311 + 29 = 0. What is the hundreds digit of d?
1
Let q = 7 - 7. Let f(d) = -3*d + 55. What is the units digit of f(q)?
5
Suppose -3*s - 6 = -0*s. What is the units digit of (s - -1)/(7/(-574))?
2
Suppose 157*l - 164*l = -889. What is the tens digit of l?
2
Let x(q) = -5*q - 7. Let a = 11 + -15. What is the units digit of x(a)?
3
Suppose 0*i = 4*i - 20. Suppose 20 = i*j, 11 = u + 6*j - 3*j. Let z = 2 - u. What is the units digit of z?
3
Let g(k) = 50*k**2 + 6*k - 4. What is the tens digit of g(2)?
0
Let d be ((-344)/(-4))/(2 + (-5)/2). Let v = d + 292. What is the units digit of v?
0
What is the hundreds digit of 3/(-7) + (136535/49 - -18)?
8
Suppose 0*h = -6*h - 54. What is the units digit of 8 - 6 - h*8?
4
Let z = 30 - 54. Let o be 354/z + (-3)/12. Let v = -12 - o. What is the units digit of v?
3
Let p(d) = 31*d**2 - 3*d + 2. Suppose 6*s - 2*s = 2*g + 12, 4*s = -4*g. What is the hundreds digit of p(s)?
1
Let h = -14 - -11. Let l be (-3)/1 + (h - -6). Suppose -2*c = -7*c + 3*x + 31, -5*c + 2*x + 34 = l. What is the units digit of c?
8
Let v = 77 - 72. Suppose v*b - 4*b + 2*w - 169 = 0, 0 = -5*w + 20. What is the tens digit of b?
6
